 + 1. Let p(y) = b*m(y) - 4*n(y). What is the units digit of p(-1)?
4
Let a(o) = -5735*o + 2735. What is the tens digit of a(-2)?
0
Let z = -99 - -93. Let m be (z/(-4))/((-51)/(-170)). Suppose m*o + b - 579 = 0, -2*b + 211 = 2*o - 19. What is the tens digit of o?
1
What is the thousands digit of (-8 - -46065) + -37 - (2 - 3/1)?
6
What is the thousands digit of 24797 - ((-66)/143 - 20/13)?
4
Let q be -3*((-24)/45)/(2/5). Suppose 2*j = 5*h + 42422, -2*h - q*j = 2680 + 14284. What is the tens digit of h/(-105) + 4/(-5)?
8
Let o(m) = m**3 + m**2 - m + 8. Let t be o(0). Suppose 4*z = t*z - 288. Suppose -r + z = -35. What is the hundreds digit of r?
1
Suppose p + 1 = t, -4*t - 6*p + 24 = -5*p. Suppose -4*d = -5*f - 105, -15 + 139 = t*d + f. What is the units digit of d?
5
Suppose -9*p + 30 = 3. Suppose p*f - 218 = f. Let k = f + -33. What is the units digit of k?
6
Suppose 10*m + 9 + 21 = 0. Let r(u) = -31*u + 4. What is the units digit of r(m)?
7
Suppose 0 = -20*c - 2*c + 1980. What is the units digit of 27/c*5*6?
9
Let p(c) = 73*c**2 + 60*c + 29. What is the hundreds digit of p(13)?
1
Let k(m) = m**2 + 9*m - 38. Let o be k(6). Suppose -o*w + 56*w = 1980. What is the tens digit of w?
9
Let d(n) be the second derivative of -79*n**3/6 - 49*n**2 + n - 14. What is the tens digit of d(-9)?
1
Suppose -5*g - 5 = 4*u, 5*u - 15 = -g - g. Suppose 3*o - 30 = -c, 0 = u*c - 0 - 15. Suppose -5*l - 132 = -o*l. What is the tens digit of l?
3
Let d = 819 - 1209. Let r = -268 - d. What is the hundreds digit of r?
1
Suppose 151*p - 149*p = -6, 2*r - 5*p = 8815. What is the hundreds digit of r?
4
What is the ten thousands digit of -28 - 878140/(-23) - (-10)/2?
3
Let m = 71720 - 22824. What is the ten thousands digit of m?
4
Let d be (-1)/(2/(-1346)) + -15 + 15. Let w = -348 + d. What is the hundreds digit of w?
3
Let c(k) = -2*k**2 - 143*k + 294. What is the hundreds digit of c(-63)?
3
Let h = -2156 - -2152. Let s(i) = i**2 + 2 + 3*i - i**3 - 3*i. What is the tens digit of s(h)?
8
What is the thousands digit of (518/444)/((-4)/(-72432))?
1
Suppose 5*s + 37 - 1 = -2*d, s + 12 = 2*d. What is the units digit of (2*(-2)/(-4))/(s/(-40))?
5
Suppose 1375135 + 2873505 = 187*s. What is the units digit of s?
0
Suppose -18 = -4*y - 3*u + 9, 2*y + 3*u - 21 = 0. Suppose 560 = x - 3*m - 145, -4*m + 2180 = y*x. What is the hundreds digit of x?
7
Let p(q) = q**3 - 5*q**2 - 4*q - 7. Let r be p(6). Suppose -11 = -r*h + 9. Suppose h*y + 284 = 3*s + 3*y, -s + 100 = y. What is the tens digit of s?
9
Suppose 13888 + 9283 = 29*d. Let r = d - 403. What is the units digit of r?
6
What is the ten thousands digit of 1035/(-276)*(-16956)/5?
1
Let i be (-1 - -2) + 2/(-2). Suppose -4*x = 3*g - 157, 4*g + 3*x = -i*g + 221. Suppose 7*s - 25 - g = 0. What is the tens digit of s?
1
Suppose 0 = -20*m + 25*m - 20. Suppose 0 = -4*g + 3*y + 113, 3*y = -m*g + 5*y + 114. Let w = g - -41. What is the units digit of w?
0
Let y(f) = f**3 + 13*f**2 - 2*f + 1. Let x be y(-13). Suppose -3*n - x = o + 2*n, -4*o - 33 = -5*n. What is the tens digit of -2 + 292/o*-3?
7
What is the tens digit of 49/(-21)*(-6)/8 + (-24149)/(-4)?
3
Let l(s) = s**3 + 8*s**2 + 7*s + 8. Let m be l(-7). Let w(a) = -a**3 + 7*a**2 + 4*a - 10. Let t be w(m). Let k = t + 110. What is the units digit of k?
8
Let i(b) = 252*b**2 - b + 1. Let m = 79 + -78. Let c be i(m). Suppose -3*x = 3*x - c. What is the units digit of x?
2
Suppose -79496 = -5*n - 4656. What is the hundreds digit of n?
9
Let q = 50 + -33. Suppose 0 = 4*o + 2*x - 14, -4*x = o + x - q. Suppose -o*t - 2*k - 214 = -6*t, 4*t - 3*k = 213. What is the tens digit of t?
5
Suppose -4*u = 5*d + 103, -5*d + 29 = -2*u - 0*u. Suppose -3*x = 2*q - 209 + 47, 3*x - 156 = -4*q. Let m = x + u. What is the tens digit of m?
3
Suppose -4*p = 4*n - 5*n - 19, 22 = 4*p - 2*n. Suppose 4*q = 5*l - 740, 5*l = q - 181 + 936. Suppose -p*t + l = 72. What is the tens digit of t?
2
Let o(b) = -278*b**3 - 6*b - 1. Let z(n) = -558*n**3 + n**2 - 13*n - 2. Let g(h) = 7*o(h) - 3*z(h). What is the hundreds digit of g(-1)?
2
Let q(r) be the first derivative of 15*r**3 - 3*r**2/2 - 3*r - 338. What is the hundreds digit of q(-4)?
7
Suppose -5*u = -10*u + 15. Suppose 3*q - 3 = u. Suppose -2*d = 2*p - 172, -3*p + q*d + 268 = -0*p. What is the units digit of p?
8
Let j(r) = r**3 - 19*r**2 + 29*r - 43. Suppose 8*l = 4*l - m + 75, l - 22 = 3*m. What is the units digit of j(l)?
8
Let i = -20282 + 11317. Let t be i/(-44) - 1/(-4). Suppose -65*k - t = -68*k. What is the tens digit of k?
6
Let b be 1/5 - -3*21/35. Suppose -222 = -y + 5*f + 180, -4*y = -b*f - 1590. What is the units digit of y?
7
Suppose 1860*a - 1861*a = 4*b - 2140, -5*a + 4*b + 10796 = 0. What is the hundreds digit of a?
1
Let r = 28312 - 13308. What is the thousands digit of r?
5
Suppose -2*b - 189 = -671. Suppose 6*p + b = 1183. What is the units digit of p?
7
Let j(f) = 39*f - 199. Let u be ((-62)/(-124))/((-2)/(-32)). What is the hundreds digit of j(u)?
1
What is the ten thousands digit of (-16)/(-6)*((-80703711)/66)/(-67)?
4
Let s(q) = 49*q - 1013. Let m be s(20). Let u(k) = 12*k + 2. Let c be u(3). Let v = c + m. What is the units digit of v?
5
Suppose -3*c + 2*o + 110401 = 0, 48513 - 11713 = c - o. What is the ten thousands digit of c?
3
Let y be (-2)/(-19) + (-6325)/(-19). Let s = y - -52. What is the tens digit of s?
8
Let z be 1/(5/(-6))*(-40)/6. What is the tens digit of z/(8/1) - 1*-103?
0
What is the ten thousands digit of (-1*137731/(-22))/((-6)/(-24))?
2
Suppose 10*f + 136 = 14*f. Suppose -3*v + f = -5*w + 1120, 3*v + 870 = 4*w. What is the tens digit of w?
1
What is the units digit of 122 + (2 - (-6 - -5)/((-3)/(-6)))?
6
Let a(l) be the second derivative of -21*l - 5/3*l**3 + 0 + 13/2*l**2. What is the tens digit of a(-3)?
4
Let x = -222 - -237. What is the tens digit of ((-405)/(-3) + 0)*6/x?
5
Let q(s) = -s**3 + 2*s**2 + s - 3. Let z be q(-3). Let j = z + -4. What is the units digit of ((-164)/10)/((-7)/j)?
2
Suppose 205*w - 4466 = 201*w - b, -4470 = -4*w + b. What is the tens digit of w?
1
Suppose -44*k = -12573 - 18271. What is the units digit of k?
1
What is the hundreds digit of ((-10)/(-66)*11)/(1/612)?
0
Let t = -11499 - -59139. What is the hundreds digit of t?
6
Suppose 1961 = -4*b + 14481. Suppose -5*p = 4*s + 970 - b, -3*p - 5*s = -1296. Suppose 72 = 3*q - p. What is the units digit of q?
8
Let f = -43 - -41. What is the tens digit of (16/8)/(f/(-583))?
8
Suppose 3*v = -5*k + 17599, -5*v - 114*k = -115*k - 29313. What is the thousands digit of v?
5
Let m be -9 - ((-117)/9 + 6). What is the hundreds digit of (-32846)/(-132) - m/12?
2
Let h be (3/3)/((-2)/(-6)). Suppose -2*x + 178 = -h*y, -2*y - 2*x - 5 = 97. Let v = y - -164. What is the units digit of v?
8
Suppose -4*w = -4*l - 12, -2*w - 4*l - 3 = 3. Let x be (2 - (6 + -6))/(w/(-4)). What is the tens digit of 1844/68 + x/68?
2
Let c = 623 + 9882. What is the hundreds digit of c?
5
Suppose -d = -2*d + 3*q - 2, 8 = 4*d - 4*q. Suppose -5*c - 1 = -2*o, -d*o - 3*c = -7*c - 8. Suppose 0*y + 393 = o*y. What is the tens digit of y?
3
Let w(i) = i + 5. Let t be w(5). Let m(o) be the first derivative of o**4/4 - 7*o**3/3 - 4*o**2 + 10*o + 901. What is the units digit of m(t)?
0
Suppose -14 = -y + 3*w, 4*y - 2*w - 56 = -3*w. Let i be 202/4 + (-21)/y. Suppose r = -i + 158. What is the units digit of r?
9
Suppose 5*k = -2*j - 4138078, 5*k + 4*j - 7*j + 4138083 = 0. What is the tens digit of (k/78)/(-16) - 4/26?
6
Suppose 1550367 = 34*v + 296753. What is the hundreds digit of v?
8
Suppose 0 = 21*l - 16*l - 25. Let v = 68 + l. Let x = v - -32. What is the tens digit of x?
0
Let s be (-160)/(-8)*(-32)/(-20). Suppose 12*u - s = 8*u. What is the units digit of u?
8
Suppose 29*d - 60*d + 1314428 = 30*d. What is the tens digit of d?
4
Suppose 0 = -q - x + 5*x + 249, -5*q = -4*x - 1181. Let b = q - 104. What is the hundreds digit of b?
1
Suppose 5*b - 1336 = a, 8*b - 516 = 6*b + 5*a. Let g = -119 + b. What is the hundreds digit of g?
1
Suppose -15380*r + 59607 = -15377*r. What is the ten thousands digit of r?
1
Suppose 3*i = 2*i + 3, 0 = 4*u + 3*i + 27. Let m be (u/6)/(6/8) - -5. Suppose -5*g = m*x - 280, -x = -7*g + 3*g - 82. What is the units digit of x?
0
Let d = 20 - 17. Suppose -245 = 5*o - 4*o